{"id":2029,"date":"2025-04-23T14:41:10","date_gmt":"2025-04-23T14:41:10","guid":{"rendered":"https:\/\/staging.bedrecybersikkerhed.dk\/?page_id=2029"},"modified":"2025-04-23T14:41:10","modified_gmt":"2025-04-23T14:41:10","slug":"fokusomraader-backup","status":"publish","type":"page","link":"https:\/\/bedrecybersikkerhed.dk\/index.php\/fokusomraader-backup\/","title":{"rendered":"Fokusomr\u00e5der (Backup)"},"content":{"rendered":"<style>.wp-block-kadence-column.kb-section-dir-horizontal > .kt-inside-inner-col > .kt-info-box12_341065-cd .kt-blocks-info-box-link-wrap{max-width:unset;}.kt-info-box12_341065-cd .kt-blocks-info-box-link-wrap{border-top:5px solid #eb1763;border-right:5px solid #eb1763;border-bottom:5px solid #eb1763;border-left:5px solid #eb1763;border-top-left-radius:30px;border-top-right-radius:30px;border-bottom-right-radius:30px;border-bottom-left-radius:30px;background:var(--global-palette8, #F7FAFC);padding-top:var(--global-kb-spacing-sm, 1.5rem);padding-right:var(--global-kb-spacing-sm, 1.5rem);padding-bottom:var(--global-kb-spacing-sm, 1.5rem);padding-left:var(--global-kb-spacing-sm, 1.5rem);margin-top:150px;}.kt-info-box12_341065-cd .kadence-info-box-icon-container .kt-info-svg-icon, .kt-info-box12_341065-cd .kt-info-svg-icon-flip, .kt-info-box12_341065-cd .kt-blocks-info-box-number{font-size:50px;}.kt-info-box12_341065-cd .kt-blocks-info-box-media{background:#ffffff;border-color:#eb1763;border-radius:150px;overflow:hidden;border-top-width:5px;border-right-width:5px;border-bottom-width:5px;border-left-width:5px;padding-top:20px;padding-right:20px;padding-bottom:20px;padding-left:20px;}.kt-info-box12_341065-cd .kt-blocks-info-box-media-container{margin-top:-75px;margin-right:0px;margin-bottom:20px;margin-left:0px;}.kt-info-box12_341065-cd .kt-blocks-info-box-media .kadence-info-box-image-intrisic img{border-radius:150px;}.kt-info-box12_341065-cd .kt-infobox-textcontent h2.kt-blocks-info-box-title{padding-top:0px;padding-right:0px;padding-bottom:0px;padding-left:0px;margin-top:5px;margin-right:0px;margin-bottom:10px;margin-left:0px;}.kt-info-box12_341065-cd .kt-blocks-info-box-learnmore{background:transparent;border-width:0px 0px 0px 0px;padding-top:4px;padding-right:8px;padding-bottom:4px;padding-left:8px;margin-top:10px;margin-right:0px;margin-bottom:10px;margin-left:0px;}@media all and (max-width: 1024px){.kt-info-box12_341065-cd .kt-blocks-info-box-link-wrap{border-top:5px solid #eb1763;border-right:5px solid #eb1763;border-bottom:5px solid #eb1763;border-left:5px solid #eb1763;}}@media all and (max-width: 767px){.kt-info-box12_341065-cd .kt-blocks-info-box-link-wrap{border-top:5px solid #eb1763;border-right:5px solid #eb1763;border-bottom:5px solid #eb1763;border-left:5px solid #eb1763;}}<\/style>\n<div class=\"wp-block-kadence-infobox kt-info-box12_341065-cd\"><span class=\"kt-blocks-info-box-link-wrap info-box-link kt-blocks-info-box-media-align-top kt-info-halign-center\"><div class=\"kt-blocks-info-box-media-container\"><div class=\"kt-blocks-info-box-media kt-info-media-animate-none\"><div class=\"kadence-info-box-icon-container kt-info-icon-animate-none\"><div class=\"kadence-info-box-icon-inner-container\"><span class=\"kb-svg-icon-wrap kb-svg-icon-ic_aperture kt-info-svg-icon\"><svg viewBox=\"0 0 8 8\"  fill=\"currentColor\" xmlns=\"http:\/\/www.w3.org\/2000\/svg\"  aria-hidden=\"true\"><path d=\"M4 0c-.69 0-1.34.19-1.91.5l3.22 2.34.75-2.25c-.6-.36-1.31-.59-2.06-.59zm-2.75 1.13c-.76.73-1.25 1.74-1.25 2.88 0 .25.02.48.06.72l3.09-2.22-1.91-1.38zm5.63.13l-1.22 3.75h2.19c.08-.32.16-.65.16-1 0-1.07-.44-2.03-1.13-2.75zm-4.72 3.22l-1.75 1.25c.55 1.13 1.6 1.99 2.88 2.22l-1.13-3.47zm1.56 1.53l.63 1.97c1.33-.12 2.46-.88 3.09-1.97h-3.72z\"\/><\/svg><\/span><\/div><\/div><\/div><\/div><div class=\"kt-infobox-textcontent\"><h2 class=\"kt-blocks-info-box-title\">Fokusomr\u00e5der<\/h2><p class=\"kt-blocks-info-box-text\">Overordnet \u00f8nsker vi at \u00f8ge bevidsthed, engagement og mobilisere st\u00f8tte fra borgere og virksomheder samt initiere og styrke initiativer for robust cybersikkerhed for borgere, virksomheder samt samfundets infrastruktur.<br><br>Vi arbejder p\u00e5 forskellige m\u00e5der.<\/p><\/div><\/span><\/div>\n\n\n\n<div class=\"wp-block-columns is-layout-flex wp-container-core-columns-is-layout-9d6595d7 wp-block-columns-is-layout-flex\">\n<div class=\"wp-block-column is-layout-flow wp-block-column-is-layout-flow\" style=\"flex-basis:50%\"><style>.wp-block-kadence-column.kb-section-dir-horizontal > .kt-inside-inner-col > .kt-info-box12_f69137-19 .kt-blocks-info-box-link-wrap{max-width:unset;}.kt-info-box12_f69137-19 .kt-blocks-info-box-link-wrap{border-top:5px solid #eb1763;border-right:5px solid #eb1763;border-bottom:5px solid #eb1763;border-left:5px solid #eb1763;border-top-left-radius:30px;border-top-right-radius:30px;border-bottom-right-radius:30px;border-bottom-left-radius:30px;background:var(--global-palette8, #F7FAFC);padding-top:var(--global-kb-spacing-xs, 1rem);padding-right:var(--global-kb-spacing-xs, 1rem);padding-bottom:var(--global-kb-spacing-xs, 1rem);padding-left:var(--global-kb-spacing-xs, 1rem);margin-top:var(--global-kb-spacing-xs, 1rem);}.kt-info-box12_f69137-19 .kadence-info-box-icon-container .kt-info-svg-icon, .kt-info-box12_f69137-19 .kt-info-svg-icon-flip, .kt-info-box12_f69137-19 .kt-blocks-info-box-number{font-size:50px;}.kt-info-box12_f69137-19 .kt-blocks-info-box-media{border-radius:200px;overflow:hidden;border-top-width:0px;border-right-width:0px;border-bottom-width:0px;border-left-width:0px;padding-top:20px;padding-right:20px;padding-bottom:20px;padding-left:20px;margin-top:0px;margin-right:20px;margin-bottom:0px;margin-left:0px;}.kt-info-box12_f69137-19 .kt-blocks-info-box-media .kadence-info-box-image-intrisic img{border-radius:200px;}.kt-info-box12_f69137-19 .kt-infobox-textcontent h3.kt-blocks-info-box-title{padding-top:0px;padding-right:0px;padding-bottom:0px;padding-left:0px;margin-top:5px;margin-right:0px;margin-bottom:10px;margin-left:0px;}.kt-info-box12_f69137-19 .kt-blocks-info-box-learnmore{background:transparent;border-width:0px 0px 0px 0px;padding-top:4px;padding-right:8px;padding-bottom:4px;padding-left:8px;margin-top:10px;margin-right:0px;margin-bottom:10px;margin-left:0px;}@media all and (max-width: 1024px){.kt-info-box12_f69137-19 .kt-blocks-info-box-link-wrap{border-top:5px solid #eb1763;border-right:5px solid #eb1763;border-bottom:5px solid #eb1763;border-left:5px solid #eb1763;}}@media all and (max-width: 767px){.kt-info-box12_f69137-19 .kt-blocks-info-box-link-wrap{border-top:5px solid #eb1763;border-right:5px solid #eb1763;border-bottom:5px solid #eb1763;border-left:5px solid #eb1763;}}<\/style>\n<div class=\"wp-block-kadence-infobox kt-info-box12_f69137-19\"><span class=\"kt-blocks-info-box-link-wrap info-box-link kt-blocks-info-box-media-align-left kt-info-halign-left\"><div class=\"kt-blocks-info-box-media-container\"><div class=\"kt-blocks-info-box-media kt-info-media-animate-none\"><div class=\"kadence-info-box-icon-container kt-info-icon-animate-none\"><div class=\"kadence-info-box-icon-inner-container\"><span class=\"kb-svg-icon-wrap kb-svg-icon-fe_fileText kt-info-svg-icon\"><svg viewBox=\"0 0 24 24\"  fill=\"none\" stroke=\"currentColor\" stroke-width=\"3\" stroke-linecap=\"round\" stroke-linejoin=\"round\" xmlns=\"http:\/\/www.w3.org\/2000\/svg\"  aria-hidden=\"true\"><path d=\"M14 2H6a2 2 0 0 0-2 2v16a2 2 0 0 0 2 2h12a2 2 0 0 0 2-2V8z\"\/><polyline points=\"14 2 14 8 20 8\"\/><line x1=\"16\" y1=\"13\" x2=\"8\" y2=\"13\"\/><line x1=\"16\" y1=\"17\" x2=\"8\" y2=\"17\"\/><polyline points=\"10 9 9 9 8 9\"\/><\/svg><\/span><\/div><\/div><\/div><\/div><div class=\"kt-infobox-textcontent\"><h3 class=\"kt-blocks-info-box-title\">undervisningsmateriale<\/h3><p class=\"kt-blocks-info-box-text\">Udbrede et koncept af undervisningsmateriale til skoler\/gymnasier. Vi laver et korps af opl\u00e6gsholdere blandt os<\/p><\/div><\/span><\/div>\n\n\n<style>.wp-block-kadence-column.kb-section-dir-horizontal > .kt-inside-inner-col > .kt-info-box12_2568e0-0c .kt-blocks-info-box-link-wrap{max-width:unset;}.kt-info-box12_2568e0-0c .kt-blocks-info-box-link-wrap{border-top:5px solid #eb1763;border-right:5px solid #eb1763;border-bottom:5px solid #eb1763;border-left:5px solid #eb1763;border-top-left-radius:30px;border-top-right-radius:30px;border-bottom-right-radius:30px;border-bottom-left-radius:30px;background:var(--global-palette8, #F7FAFC);padding-top:var(--global-kb-spacing-xs, 1rem);padding-right:var(--global-kb-spacing-xs, 1rem);padding-bottom:var(--global-kb-spacing-xs, 1rem);padding-left:var(--global-kb-spacing-xs, 1rem);margin-top:var(--global-kb-spacing-xs, 1rem);}.kt-info-box12_2568e0-0c .kadence-info-box-icon-container .kt-info-svg-icon, .kt-info-box12_2568e0-0c .kt-info-svg-icon-flip, .kt-info-box12_2568e0-0c .kt-blocks-info-box-number{font-size:50px;}.kt-info-box12_2568e0-0c .kt-blocks-info-box-media{border-radius:200px;overflow:hidden;border-top-width:0px;border-right-width:0px;border-bottom-width:0px;border-left-width:0px;padding-top:20px;padding-right:20px;padding-bottom:20px;padding-left:20px;margin-top:0px;margin-right:20px;margin-bottom:0px;margin-left:0px;}.kt-info-box12_2568e0-0c .kt-blocks-info-box-media .kadence-info-box-image-intrisic img{border-radius:200px;}.kt-info-box12_2568e0-0c .kt-infobox-textcontent h3.kt-blocks-info-box-title{padding-top:0px;padding-right:0px;padding-bottom:0px;padding-left:0px;margin-top:5px;margin-right:0px;margin-bottom:10px;margin-left:0px;}.kt-info-box12_2568e0-0c .kt-blocks-info-box-learnmore{background:transparent;border-width:0px 0px 0px 0px;padding-top:4px;padding-right:8px;padding-bottom:4px;padding-left:8px;margin-top:10px;margin-right:0px;margin-bottom:10px;margin-left:0px;}@media all and (max-width: 1024px){.kt-info-box12_2568e0-0c .kt-blocks-info-box-link-wrap{border-top:5px solid #eb1763;border-right:5px solid #eb1763;border-bottom:5px solid #eb1763;border-left:5px solid #eb1763;}}@media all and (max-width: 767px){.kt-info-box12_2568e0-0c .kt-blocks-info-box-link-wrap{border-top:5px solid #eb1763;border-right:5px solid #eb1763;border-bottom:5px solid #eb1763;border-left:5px solid #eb1763;}}<\/style>\n<div class=\"wp-block-kadence-infobox kt-info-box12_2568e0-0c\"><span class=\"kt-blocks-info-box-link-wrap info-box-link kt-blocks-info-box-media-align-left kt-info-halign-left\"><div class=\"kt-blocks-info-box-media-container\"><div class=\"kt-blocks-info-box-media kt-info-media-animate-none\"><div class=\"kadence-info-box-icon-container kt-info-icon-animate-none\"><div class=\"kadence-info-box-icon-inner-container\"><span class=\"kb-svg-icon-wrap kb-svg-icon-fe_award kt-info-svg-icon\"><svg viewBox=\"0 0 24 24\"  fill=\"none\" stroke=\"currentColor\" stroke-width=\"3\" stroke-linecap=\"round\" stroke-linejoin=\"round\" xmlns=\"http:\/\/www.w3.org\/2000\/svg\"  aria-hidden=\"true\"><circle cx=\"12\" cy=\"8\" r=\"7\"\/><polyline points=\"8.21 13.89 7 23 12 20 17 23 15.79 13.88\"\/><\/svg><\/span><\/div><\/div><\/div><\/div><div class=\"kt-infobox-textcontent\"><h3 class=\"kt-blocks-info-box-title\">Prisuddeling<\/h3><p class=\"kt-blocks-info-box-text\">Konceptudvikle og uddele en \/flere priser<br> <\/p><\/div><\/span><\/div>\n\n\n<style>.wp-block-kadence-column.kb-section-dir-horizontal > .kt-inside-inner-col > .kt-info-box12_4e877e-fc .kt-blocks-info-box-link-wrap{max-width:unset;}.kt-info-box12_4e877e-fc .kt-blocks-info-box-link-wrap{border-top:5px solid #eb1763;border-right:5px solid #eb1763;border-bottom:5px solid #eb1763;border-left:5px solid #eb1763;border-top-left-radius:30px;border-top-right-radius:30px;border-bottom-right-radius:30px;border-bottom-left-radius:30px;background:var(--global-palette8, #F7FAFC);padding-top:var(--global-kb-spacing-xs, 1rem);padding-right:var(--global-kb-spacing-xs, 1rem);padding-bottom:var(--global-kb-spacing-xs, 1rem);padding-left:var(--global-kb-spacing-xs, 1rem);margin-top:var(--global-kb-spacing-xs, 1rem);}.kt-info-box12_4e877e-fc .kadence-info-box-icon-container .kt-info-svg-icon, .kt-info-box12_4e877e-fc .kt-info-svg-icon-flip, .kt-info-box12_4e877e-fc .kt-blocks-info-box-number{font-size:50px;}.kt-info-box12_4e877e-fc .kt-blocks-info-box-media{border-radius:200px;overflow:hidden;border-top-width:0px;border-right-width:0px;border-bottom-width:0px;border-left-width:0px;padding-top:20px;padding-right:20px;padding-bottom:20px;padding-left:20px;margin-top:0px;margin-right:20px;margin-bottom:0px;margin-left:0px;}.kt-info-box12_4e877e-fc .kt-blocks-info-box-media .kadence-info-box-image-intrisic img{border-radius:200px;}.kt-info-box12_4e877e-fc .kt-infobox-textcontent h3.kt-blocks-info-box-title{padding-top:0px;padding-right:0px;padding-bottom:0px;padding-left:0px;margin-top:5px;margin-right:0px;margin-bottom:10px;margin-left:0px;}.kt-info-box12_4e877e-fc .kt-blocks-info-box-learnmore{background:transparent;border-width:0px 0px 0px 0px;padding-top:4px;padding-right:8px;padding-bottom:4px;padding-left:8px;margin-top:10px;margin-right:0px;margin-bottom:10px;margin-left:0px;}@media all and (max-width: 1024px){.kt-info-box12_4e877e-fc .kt-blocks-info-box-link-wrap{border-top:5px solid #eb1763;border-right:5px solid #eb1763;border-bottom:5px solid #eb1763;border-left:5px solid #eb1763;}}@media all and (max-width: 767px){.kt-info-box12_4e877e-fc .kt-blocks-info-box-link-wrap{border-top:5px solid #eb1763;border-right:5px solid #eb1763;border-bottom:5px solid #eb1763;border-left:5px solid #eb1763;}}<\/style>\n<div class=\"wp-block-kadence-infobox kt-info-box12_4e877e-fc\"><span class=\"kt-blocks-info-box-link-wrap info-box-link kt-blocks-info-box-media-align-left kt-info-halign-left\"><div class=\"kt-blocks-info-box-media-container\"><div class=\"kt-blocks-info-box-media kt-info-media-animate-none\"><div class=\"kadence-info-box-icon-container kt-info-icon-animate-none\"><div class=\"kadence-info-box-icon-inner-container\"><span class=\"kb-svg-icon-wrap kb-svg-icon-fe_aperture kt-info-svg-icon\"><svg viewBox=\"0 0 24 24\"  fill=\"none\" stroke=\"currentColor\" stroke-width=\"2\" stroke-linecap=\"round\" stroke-linejoin=\"round\" xmlns=\"http:\/\/www.w3.org\/2000\/svg\"  aria-hidden=\"true\"><circle cx=\"12\" cy=\"12\" r=\"10\"\/><line x1=\"14.31\" y1=\"8\" x2=\"20.05\" y2=\"17.94\"\/><line x1=\"9.69\" y1=\"8\" x2=\"21.17\" y2=\"8\"\/><line x1=\"7.38\" y1=\"12\" x2=\"13.12\" y2=\"2.06\"\/><line x1=\"9.69\" y1=\"16\" x2=\"3.95\" y2=\"6.06\"\/><line x1=\"14.31\" y1=\"16\" x2=\"2.83\" y2=\"16\"\/><line x1=\"16.62\" y1=\"12\" x2=\"10.88\" y2=\"21.94\"\/><\/svg><\/span><\/div><\/div><\/div><\/div><div class=\"kt-infobox-textcontent\"><h3 class=\"kt-blocks-info-box-title\">???  ???<\/h3><p class=\"kt-blocks-info-box-text\">Lorem ipsum dolor sit amet, consectetur adipiscing elit. Aenean diam dolor, accumsan sed rutrum vel, dapibus et leo.<\/p><\/div><\/span><\/div>\n<\/div>\n\n\n\n<div class=\"wp-block-column is-layout-flow wp-block-column-is-layout-flow\" style=\"flex-basis:50%\"><style>.wp-block-kadence-column.kb-section-dir-horizontal > .kt-inside-inner-col > .kt-info-box12_978bf5-8b .kt-blocks-info-box-link-wrap{max-width:unset;}.kt-info-box12_978bf5-8b .kt-blocks-info-box-link-wrap{border-top:5px solid #eb1763;border-right:5px solid #eb1763;border-bottom:5px solid #eb1763;border-left:5px solid #eb1763;border-top-left-radius:30px;border-top-right-radius:30px;border-bottom-right-radius:30px;border-bottom-left-radius:30px;background:var(--global-palette8, #F7FAFC);padding-top:var(--global-kb-spacing-xs, 1rem);padding-right:var(--global-kb-spacing-xs, 1rem);padding-bottom:var(--global-kb-spacing-xs, 1rem);padding-left:var(--global-kb-spacing-xs, 1rem);margin-top:var(--global-kb-spacing-xs, 1rem);}.kt-info-box12_978bf5-8b .kadence-info-box-icon-container .kt-info-svg-icon, .kt-info-box12_978bf5-8b .kt-info-svg-icon-flip, .kt-info-box12_978bf5-8b .kt-blocks-info-box-number{font-size:50px;}.kt-info-box12_978bf5-8b .kt-blocks-info-box-media{border-radius:200px;overflow:hidden;border-top-width:0px;border-right-width:0px;border-bottom-width:0px;border-left-width:0px;padding-top:20px;padding-right:20px;padding-bottom:20px;padding-left:20px;margin-top:0px;margin-right:20px;margin-bottom:0px;margin-left:0px;}.kt-info-box12_978bf5-8b .kt-blocks-info-box-media .kadence-info-box-image-intrisic img{border-radius:200px;}.kt-info-box12_978bf5-8b .kt-infobox-textcontent h3.kt-blocks-info-box-title{padding-top:0px;padding-right:0px;padding-bottom:0px;padding-left:0px;margin-top:5px;margin-right:0px;margin-bottom:10px;margin-left:0px;}.kt-info-box12_978bf5-8b .kt-blocks-info-box-learnmore{background:transparent;border-width:0px 0px 0px 0px;padding-top:4px;padding-right:8px;padding-bottom:4px;padding-left:8px;margin-top:10px;margin-right:0px;margin-bottom:10px;margin-left:0px;}@media all and (max-width: 1024px){.kt-info-box12_978bf5-8b .kt-blocks-info-box-link-wrap{border-top:5px solid #eb1763;border-right:5px solid #eb1763;border-bottom:5px solid #eb1763;border-left:5px solid #eb1763;}}@media all and (max-width: 767px){.kt-info-box12_978bf5-8b .kt-blocks-info-box-link-wrap{border-top:5px solid #eb1763;border-right:5px solid #eb1763;border-bottom:5px solid #eb1763;border-left:5px solid #eb1763;}}<\/style>\n<div class=\"wp-block-kadence-infobox kt-info-box12_978bf5-8b\"><span class=\"kt-blocks-info-box-link-wrap info-box-link kt-blocks-info-box-media-align-left kt-info-halign-left\"><div class=\"kt-blocks-info-box-media-container\"><div class=\"kt-blocks-info-box-media kt-info-media-animate-none\"><div class=\"kadence-info-box-icon-container kt-info-icon-animate-none\"><div class=\"kadence-info-box-icon-inner-container\"><span class=\"kb-svg-icon-wrap kb-svg-icon-fe_mic kt-info-svg-icon\"><svg viewBox=\"0 0 24 24\"  fill=\"none\" stroke=\"currentColor\" stroke-width=\"3\" stroke-linecap=\"round\" stroke-linejoin=\"round\" xmlns=\"http:\/\/www.w3.org\/2000\/svg\"  aria-hidden=\"true\"><path d=\"M12 1a3 3 0 0 0-3 3v8a3 3 0 0 0 6 0V4a3 3 0 0 0-3-3z\"\/><path d=\"M19 10v2a7 7 0 0 1-14 0v-2\"\/><line x1=\"12\" y1=\"19\" x2=\"12\" y2=\"23\"\/><line x1=\"8\" y1=\"23\" x2=\"16\" y2=\"23\"\/><\/svg><\/span><\/div><\/div><\/div><\/div><div class=\"kt-infobox-textcontent\"><h3 class=\"kt-blocks-info-box-title\">Symposium<\/h3><p class=\"kt-blocks-info-box-text\">Afholde et symposium i l\u00f8bet af 2025<br> <\/p><\/div><\/span><\/div>\n\n\n<style>.wp-block-kadence-column.kb-section-dir-horizontal > .kt-inside-inner-col > .kt-info-box12_d28981-ae .kt-blocks-info-box-link-wrap{max-width:unset;}.kt-info-box12_d28981-ae .kt-blocks-info-box-link-wrap{border-top:5px solid #eb1763;border-right:5px solid #eb1763;border-bottom:5px solid #eb1763;border-left:5px solid #eb1763;border-top-left-radius:30px;border-top-right-radius:30px;border-bottom-right-radius:30px;border-bottom-left-radius:30px;background:var(--global-palette8, #F7FAFC);padding-top:var(--global-kb-spacing-xs, 1rem);padding-right:var(--global-kb-spacing-xs, 1rem);padding-bottom:var(--global-kb-spacing-xs, 1rem);padding-left:var(--global-kb-spacing-xs, 1rem);margin-top:var(--global-kb-spacing-xs, 1rem);}.kt-info-box12_d28981-ae .kadence-info-box-icon-container .kt-info-svg-icon, .kt-info-box12_d28981-ae .kt-info-svg-icon-flip, .kt-info-box12_d28981-ae .kt-blocks-info-box-number{font-size:50px;}.kt-info-box12_d28981-ae .kt-blocks-info-box-media{border-radius:200px;overflow:hidden;border-top-width:0px;border-right-width:0px;border-bottom-width:0px;border-left-width:0px;padding-top:20px;padding-right:20px;padding-bottom:20px;padding-left:20px;margin-top:0px;margin-right:20px;margin-bottom:0px;margin-left:0px;}.kt-info-box12_d28981-ae .kt-blocks-info-box-media .kadence-info-box-image-intrisic img{border-radius:200px;}.kt-info-box12_d28981-ae .kt-infobox-textcontent h3.kt-blocks-info-box-title{padding-top:0px;padding-right:0px;padding-bottom:0px;padding-left:0px;margin-top:5px;margin-right:0px;margin-bottom:10px;margin-left:0px;}.kt-info-box12_d28981-ae .kt-blocks-info-box-learnmore{background:transparent;border-width:0px 0px 0px 0px;padding-top:4px;padding-right:8px;padding-bottom:4px;padding-left:8px;margin-top:10px;margin-right:0px;margin-bottom:10px;margin-left:0px;}@media all and (max-width: 1024px){.kt-info-box12_d28981-ae .kt-blocks-info-box-link-wrap{border-top:5px solid #eb1763;border-right:5px solid #eb1763;border-bottom:5px solid #eb1763;border-left:5px solid #eb1763;}}@media all and (max-width: 767px){.kt-info-box12_d28981-ae .kt-blocks-info-box-link-wrap{border-top:5px solid #eb1763;border-right:5px solid #eb1763;border-bottom:5px solid #eb1763;border-left:5px solid #eb1763;}}<\/style>\n<div class=\"wp-block-kadence-infobox kt-info-box12_d28981-ae\"><span class=\"kt-blocks-info-box-link-wrap info-box-link kt-blocks-info-box-media-align-left kt-info-halign-left\"><div class=\"kt-blocks-info-box-media-container\"><div class=\"kt-blocks-info-box-media kt-info-media-animate-none\"><div class=\"kadence-info-box-icon-container kt-info-icon-animate-none\"><div class=\"kadence-info-box-icon-inner-container\"><span class=\"kb-svg-icon-wrap kb-svg-icon-ic_eye kt-info-svg-icon\"><svg viewBox=\"0 0 8 8\"  fill=\"currentColor\" xmlns=\"http:\/\/www.w3.org\/2000\/svg\"  aria-hidden=\"true\"><path d=\"M4.03 0c-2.53 0-4.03 3-4.03 3s1.5 3 4.03 3c2.47 0 3.97-3 3.97-3s-1.5-3-3.97-3zm-.03 1c1.11 0 2 .9 2 2 0 1.11-.89 2-2 2-1.1 0-2-.89-2-2 0-1.1.9-2 2-2zm0 1c-.55 0-1 .45-1 1s.45 1 1 1 1-.45 1-1c0-.1-.04-.19-.06-.28-.08.16-.24.28-.44.28-.28 0-.5-.22-.5-.5 0-.2.12-.36.28-.44-.09-.03-.18-.06-.28-.06z\" transform=\"translate(0 1)\"\/><\/svg><\/span><\/div><\/div><\/div><\/div><div class=\"kt-infobox-textcontent\"><h3 class=\"kt-blocks-info-box-title\">awareness aktiviteter<\/h3><p class=\"kt-blocks-info-box-text\">L\u00f8bende awareness aktiviteter i samarbejde med \u00f8vrige akt\u00f8rer i Danmark, se \u00e5rshjul, der l\u00f8bende opdateres<\/p><\/div><\/span><\/div>\n\n\n<style>.wp-block-kadence-column.kb-section-dir-horizontal > .kt-inside-inner-col > .kt-info-box12_343611-6b .kt-blocks-info-box-link-wrap{max-width:unset;}.kt-info-box12_343611-6b .kt-blocks-info-box-link-wrap{border-top:5px solid #eb1763;border-right:5px solid #eb1763;border-bottom:5px solid #eb1763;border-left:5px solid #eb1763;border-top-left-radius:30px;border-top-right-radius:30px;border-bottom-right-radius:30px;border-bottom-left-radius:30px;background:var(--global-palette8, #F7FAFC);padding-top:var(--global-kb-spacing-xs, 1rem);padding-right:var(--global-kb-spacing-xs, 1rem);padding-bottom:var(--global-kb-spacing-xs, 1rem);padding-left:var(--global-kb-spacing-xs, 1rem);margin-top:var(--global-kb-spacing-xs, 1rem);}.kt-info-box12_343611-6b .kadence-info-box-icon-container .kt-info-svg-icon, .kt-info-box12_343611-6b .kt-info-svg-icon-flip, .kt-info-box12_343611-6b .kt-blocks-info-box-number{font-size:50px;}.kt-info-box12_343611-6b .kt-blocks-info-box-media{border-radius:200px;overflow:hidden;border-top-width:0px;border-right-width:0px;border-bottom-width:0px;border-left-width:0px;padding-top:20px;padding-right:20px;padding-bottom:20px;padding-left:20px;margin-top:0px;margin-right:20px;margin-bottom:0px;margin-left:0px;}.kt-info-box12_343611-6b .kt-blocks-info-box-media .kadence-info-box-image-intrisic img{border-radius:200px;}.kt-info-box12_343611-6b .kt-infobox-textcontent h3.kt-blocks-info-box-title{padding-top:0px;padding-right:0px;padding-bottom:0px;padding-left:0px;margin-top:5px;margin-right:0px;margin-bottom:10px;margin-left:0px;}.kt-info-box12_343611-6b .kt-blocks-info-box-learnmore{background:transparent;border-width:0px 0px 0px 0px;padding-top:4px;padding-right:8px;padding-bottom:4px;padding-left:8px;margin-top:10px;margin-right:0px;margin-bottom:10px;margin-left:0px;}@media all and (max-width: 1024px){.kt-info-box12_343611-6b .kt-blocks-info-box-link-wrap{border-top:5px solid #eb1763;border-right:5px solid #eb1763;border-bottom:5px solid #eb1763;border-left:5px solid #eb1763;}}@media all and (max-width: 767px){.kt-info-box12_343611-6b .kt-blocks-info-box-link-wrap{border-top:5px solid #eb1763;border-right:5px solid #eb1763;border-bottom:5px solid #eb1763;border-left:5px solid #eb1763;}}<\/style>\n<div class=\"wp-block-kadence-infobox kt-info-box12_343611-6b\"><span class=\"kt-blocks-info-box-link-wrap info-box-link kt-blocks-info-box-media-align-left kt-info-halign-left\"><div class=\"kt-blocks-info-box-media-container\"><div class=\"kt-blocks-info-box-media kt-info-media-animate-none\"><div class=\"kadence-info-box-icon-container kt-info-icon-animate-none\"><div class=\"kadence-info-box-icon-inner-container\"><span class=\"kb-svg-icon-wrap kb-svg-icon-fe_aperture kt-info-svg-icon\"><svg viewBox=\"0 0 24 24\"  fill=\"none\" stroke=\"currentColor\" stroke-width=\"2\" stroke-linecap=\"round\" stroke-linejoin=\"round\" xmlns=\"http:\/\/www.w3.org\/2000\/svg\"  aria-hidden=\"true\"><circle cx=\"12\" cy=\"12\" r=\"10\"\/><line x1=\"14.31\" y1=\"8\" x2=\"20.05\" y2=\"17.94\"\/><line x1=\"9.69\" y1=\"8\" x2=\"21.17\" y2=\"8\"\/><line x1=\"7.38\" y1=\"12\" x2=\"13.12\" y2=\"2.06\"\/><line x1=\"9.69\" y1=\"16\" x2=\"3.95\" y2=\"6.06\"\/><line x1=\"14.31\" y1=\"16\" x2=\"2.83\" y2=\"16\"\/><line x1=\"16.62\" y1=\"12\" x2=\"10.88\" y2=\"21.94\"\/><\/svg><\/span><\/div><\/div><\/div><\/div><div class=\"kt-infobox-textcontent\"><h3 class=\"kt-blocks-info-box-title\">???  ???<\/h3><p class=\"kt-blocks-info-box-text\">Lorem ipsum dolor sit amet, consectetur adipiscing elit. Aenean diam dolor, accumsan sed rutrum vel, dapibus et leo.<\/p><\/div><\/span><\/div>\n<\/div>\n<\/div>\n\n\n\n<p><\/p>\n","protected":false},"excerpt":{"rendered":"","protected":false},"author":1,"featured_media":0,"parent":0,"menu_order":0,"comment_status":"closed","ping_status":"closed","template":"","meta":{"_kadence_starter_templates_imported_post":false,"_kad_post_transparent":"","_kad_post_title":"","_kad_post_layout":"","_kad_post_sidebar_id":"","_kad_post_content_style":"","_kad_post_vertical_padding":"","_kad_post_feature":"","_kad_post_feature_position":"","_kad_post_header":false,"_kad_post_footer":false,"_kad_post_classname":"","footnotes":""},"class_list":["post-2029","page","type-page","status-publish","hentry"],"_links":{"self":[{"href":"https:\/\/bedrecybersikkerhed.dk\/index.php\/wp-json\/wp\/v2\/pages\/2029","targetHints":{"allow":["GET"]}}],"collection":[{"href":"https:\/\/bedrecybersikkerhed.dk\/index.php\/wp-json\/wp\/v2\/pages"}],"about":[{"href":"https:\/\/bedrecybersikkerhed.dk\/index.php\/wp-json\/wp\/v2\/types\/page"}],"author":[{"embeddable":true,"href":"https:\/\/bedrecybersikkerhed.dk\/index.php\/wp-json\/wp\/v2\/users\/1"}],"replies":[{"embeddable":true,"href":"https:\/\/bedrecybersikkerhed.dk\/index.php\/wp-json\/wp\/v2\/comments?post=2029"}],"version-history":[{"count":1,"href":"https:\/\/bedrecybersikkerhed.dk\/index.php\/wp-json\/wp\/v2\/pages\/2029\/revisions"}],"predecessor-version":[{"id":2032,"href":"https:\/\/bedrecybersikkerhed.dk\/index.php\/wp-json\/wp\/v2\/pages\/2029\/revisions\/2032"}],"wp:attachment":[{"href":"https:\/\/bedrecybersikkerhed.dk\/index.php\/wp-json\/wp\/v2\/media?parent=2029"}],"curies":[{"name":"wp","href":"https:\/\/api.w.org\/{rel}","templated":true}]}}